*a = 0. Let u be 2 + 1*(a - 0). Give j(u).
-8
Suppose -5*t = -4*z + 7, 11 = -0*z + 5*z - 4*t. Let f(r) be the second derivative of -r**3/2 + r**2/2 + r. Determine f(z).
-8
Let h = 7 + -5. Let a(m) = -2*m - m + h*m. Determine a(2).
-2
Let o(y) = 7*y + 6. Let h(g) = -6*g - 5. Let m(s) = -6*h(s) - 5*o(s). Give m(5).
5
Suppose 0 = 6*s - 2*s + 8. Let t(a) be the third derivative of -a**4/3 - a**3/3 - a**2. Let m(g) = 12*g + 3. Let n(v) = 5*m(v) + 8*t(v). Calculate n(s).
7
Suppose -z + 3 = 0, 5*z + 9 = -4*j - 0*j. Let i(d) = 20*d + 5 + d**2 + 6*d - 20*d. Determine i(j).
5
Suppose 6 = 3*j - 6. Let y(a) = a**3 - 5*a**2 + 5*a. Give y(j).
4
Let n = 9 - 7. Let z(h) = 8 + 0*h + 0*h - 4*h. Let i(m) = m - 1. Let t(x) = 6*i(x) + z(x). What is t(n)?
6
Let w(h) = 3*h + 5 - 3 - 4 + h**2 - 5. What is w(-5)?
3
Let l = 11 + -9. Let n(m) = 4*m + 8 + l - m**2 - 2. What is n(6)?
-4
Let c(x) = 25*x**2 - 8*x + x**3 - 23*x**2 + 1 - 5. Let t be c(-4). Let h(s) = -s + 3. Calculate h(t).
7
Suppose 3 + 6 = 3*y. Let h(u) be the third derivative of u**4/24 + u**3/6 + 2*u**2. Give h(y).
4
Let y(x) = -2*x + 7. Suppose 2*r + 6 = 4*r. Let n be (-75)/r - -1 - -1. Let s be n/(-5) + 12/30. Give y(s).
-3
Let w(b) = b + 6. Suppose 3*c = -2*y + 4, 5*y - 2*y - 4*c = -28. Determine w(y).
2
Let g(l) be the first derivative of l**3/3 - 4*l - 2. Give g(-3).
5
Suppose -r - 4*r + 5 = 0. Let t be (0 + 6)*(r + -2). Let y(w) = -w**3 - 5*w**2 + 5*w - 4. Determine y(t).
2
Let t(j) = j**2 - j - 1. Let f = 0 - -5. Suppose 15 = -f*c - 8*z + 3*z, 0 = 5*c + 4*z + 15. Calculate t(c).
11
Let y(b) = b + 4. Let i be (-5)/(-1)*(-16)/(-20). Suppose 8 = -0*m + i*m. Suppose -2*z - c + 2 = c, -13 = m*z - c. Calculate y(z).
0
Let k(b) = 2*b**3 - 5*b**2 + 3*b - 3. Let o be k(3). Let v = 8 - o. Let f = v - -3. Let s(w) = -w**3 - 3*w**2 + 3*w - 1. Give s(f).
3
Let g(t) = -t**2 + 4*t - 2. Let l be g(2). Let v(z) be the third derivative of 2/3*z**3 + 2*z**l - 1/24*z**4 + 0 + 0*z. Give v(-3).
7
Let g be (2/3)/((-2)/12). Suppose 2*u + 4*d + 13 = 3*d, -3*d - 3 = 0. Let i = u - g. Let n(f) = 3*f**2 + 2*f - 1. What is n(i)?
7
Suppose 0 = -4*i - i + 15. Let o = i + -5. Let n(f) = f**2 + f + 2. Give n(o).
4
Suppose -2*y + 7 - 11 = 0. Let g(o) = -2*o**2 - 4*o - 2. Calculate g(y).
-2
Let f(p) = p + 1. Let n(d) = d**2 - 11*d + 2. Let v(b) = -4*f(b) - n(b). Suppose -2 = -2*s + 8. Calculate v(s).
4
Let y(j) = -4*j**3 + 3*j**2 + 2*j - 9. Let i(f) = -3*f**3 + 4*f**2 + f - 8. Let d(p) = -3*i(p) + 2*y(p). Determine d(5).
-14
Let w(b) = b**2 - 7*b - 5. Let i = -7 - -10. Let r(q) = q**2 - 3*q - 2. Let a(t) = i*w(t) - 7*r(t). Calculate a(1).
-5
Let i(k) = k - 4 + 0 + 14 + k**3 + 8*k**2. Let h = -12 - -4. Let g be i(h). Let f(u) = u + 2. What is f(g)?
4
Let m(x) = -x**2 + 6*x - 1. Let k(w) = w + 13. Suppose -6*z + 4*z - 14 = 0. Let n be k(z). Suppose 0 = g - n*g + 15. Determine m(g).
8
Suppose 0 = -3*s + 20 + 4. Let i(g) = s*g - 11 - 3*g - 4*g. Calculate i(5).
-6
Let v(c) = -c**2 - 2*c + 1. Suppose 5*r - l = 64, -4*l = r - 9*l - 32. Suppose -4*b = -a + r, 0*b - b - 12 = 2*a. Give v(b).
-7
Let r be (4/(-4 + 2))/(-1). Let o be ((-6)/(-2) + r)/(-1). Let g(m) = -m**3 - 5*m**2 - 2*m - 6. Determine g(o).
4
Let v(g) be the first derivative of -g**2 - g - 12. Suppose -5*n = -n - 4*d - 12, -4*d - 15 = -5*n. What is v(n)?
-7
Let q(a) = a**3 - a**2 - 3*a - 3. Let z = -2 + 5. Suppose 0 + 9 = z*j. Suppose 3*k - 2 = 4*c, -j*c + 0 = 4*k + 14. Give q(c).
-9
Let c(r) = 2*r + 2 - 6*r + 2*r. Suppose -3*b + 4 - 19 = 0. Let m = b + 8. What is c(m)?
-4
Let u(j) = -7*j + 8*j + 2*j. What is u(4)?
12
Let k(c) = c**2 + 4*c + 5. Let v be k(-4). Let g = 3 - v. Let x(h) = h**3 + 2*h**2 + h - 1. Calculate x(g).
-3
Suppose 4*b + 8 = 16. Let i(h) = 2 + 0 - b*h**2 + 3*h + h**2. Give i(-2).
-8
Let v(x) = -x + 7. Suppose 0 = 3*b - 5*b - 10. Let q(h) = -h - 5. Let z be q(b). Give v(z).
7
Suppose -3*f + 12 = -6*f. Let p(g) = -g**3 - 4*g**2 + 4. Let t be p(f). Let q(v) be the second derivative of v**4/12 - v**3/3 - v**2 + 2*v. Give q(t).
6
Let y be (-8)/12*3 + 21. Let a(h) = -2 - 3*h + 7*h - 20*h**2 + y*h**2. Suppose x = -s - 2*x + 5, 3*s = 2*x + 4. What is a(s)?
2
Suppose 6*f = 3*f + 4*z - 1, -3*f - 5*z - 19 = 0. Let t(j) = j**3 + 4*j**2 + 2*j - 2. Calculate t(f).
1
Let q(g) = 4*g**3 + 12*g**2 - 11*g - 5. Let h(x) = -3*x**3 - 11*x**2 + 10*x + 5. Let y(k) = 5*h(k) + 4*q(k). What is y(6)?
5
Let w(f) = -7*f - 2*f**3 + 3 + 3*f**3 - 5*f**2 - 2. Suppose 0 = g - 10*g + 54. Calculate w(g).
-5
Suppose -25 = -5*u + 4*g - 9*g, -u = 4*g - 8. Let n(v) = u - 6 - 3*v**2 + 2 + v + v**3. Give n(1).
-1
Let c(k) = 2*k**3 - k**2 - 2*k + 3. Let o(s) = s**3 - s + 1. Let p(t) = -2*c(t) + 5*o(t). Let x(f) = f**3 - 8*f**2 + 8*f - 10. Let y be x(7). Give p(y).
-7
Let f(h) = -2*h + 4*h**2 - h**3 - 2*h**2 + 3*h**2 + 7. Let s be f(5). Let g(n) = n**3 + n**2 - 2*n + 4. Determine g(s).
-8
Let i be (3/6)/(-1)*-8. Let s(h) = h**3 - 4*h**2 - 2. What is s(i)?
-2
Let s(q) be the third derivative of q**5/15 + q**4/6 + q**3/3 + q**2. Let w(j) = j + 2. Let o be w(-4). Determine s(o).
10
Let h(o) = o**3 + 2*o**2 - 3*o + 4. Let c be h(-3). Let n(l) = 5 + 4*l - 4 - l**2 - c. Let u(i) = 2*i**2 - 4*i - 3. Let v be u(-1). Determine n(v).
0
Let l(s) = 5*s**2 - 10*s + 7. Let y be ((-6)/(-9))/(12/(-54)). Let z(r) = 4*r**2 - 9*r + 7. Let o(q) = y*l(q) + 4*z(q). What is o(6)?
7
Let z(c) = 5*c. Let h(v) = -3*v - 3. Let a be h(-2). Suppose 3*u + 0 = -a*i + 6, 3*u - 3*i = -12. Give z(u).
-5
Let x(r) = -r**3 + r**2 + 2*r + 2. Let b be x(0). Let w be 3/(-2)*(-8)/6. Let t(q) = 31*q**2 - 30*q**w + 4 + q**3 - b. What is t(0)?
2
Let b(n) = 4 - 3*n - n**3 - 3 - 5 + 0 - 3*n**2. Calculate b(-3).
5
Let w(d) = -d**3 + 3*d**2 - 2*d + 3. Let y be (-3 - 0/2) + 2. Let s be y/(-4) - (-143)/52. What is w(s)?
-3
Let f(i) = -i. Let a(u) = u + 11. Let l(h) = -2. Let r(c) = 6*a(c) + 34*l(c). Let k(b) = -3*f(b) - r(b). What is k(-2)?
8
Let n(c) be the third derivative of c**6/180 + c**5/60 - c**4/8 + c**2. Let p(v) be the second derivative of n(v). Determine p(-2).
-6
Let h(t) be the third derivative of t**7/2520 - t**6/720 - t**5/30 - 2*t**2. Let s(k) be the third derivative of h(k). What is s(5)?
9
Suppose 3*q + 5*d = 26, -2*q - 7*d + 2*d + 19 = 0. Let b(h) = -h + 10. Give b(q).
3
Let k(l) = -l**2 + 0*l**2 + 1 + 2*l + 1. Suppose -6*w + 7*w = 4. Suppose w*h + 2 = 2*p - 3*p, -4*h + 10 = -5*p. Calculate k(p).
-6
Let g(y) = 10*y**3 - y**2 + 2*y - 3. Let v(c) = -11*c**3 + c**2 - 3*c + 4. Let z(u) = 4*g(u) + 3*v(u). Give z(-1).
-7
Let v = 70 + -137/2. Let x(r) be the first derivative of -v*r**2 - 1 - r. Calculate x(-3).
8
Let p be -6*(16/(-6) - -3). Let i(g) = g**3 + 2*g**2 - 3*g - 1. Determine i(p).
5
Let h(w) = w**3 - 3*w**2 + 2*w. Let n(x) = x**3 - 7*x**2 + 6*x - 2. Let r be n(6). Let p = r - -4. Give h(p).
0
Let y(x) = 6*x**2 + 2*x + 1. Let v be y(-1). Let f(q) = q**2 - 8*q + 1. Let t(i) = 2*i**2 - 17*i + 1. Let z(g) = 9*f(g) - 4*t(g). Calculate z(v).
10
Let l = 15 - 9. Let v(n) = -4 + 0 + n + l. Give v(6).
8
Let s(f) = -3*f + 1. Suppose -20*l + 18*l + 6 = 0. Give s(l).
-8
Let s(j) = -j. Suppose 0 = -2*q - 3 + 9. Let m(z) = -5 + 3 + z + 4 - q. Let l(r) = m(r) + 4*s(r). What is l(2)?
-7
Let p(u) be the second derivative of -u**5/20 - u**4/4 - u**3/3 - u**2/2 + 52*u. Calculate p(-2).
-1
Suppose -26 = -3*r - t - 3*t, 3*t = 5*r - 53. Suppose 2*m - 7*m + r = 0, 5*d = -m + 2. Let k(a) = 2 + 3*a + d*a - 8. Give k(4).
6
Let u = 23 + -19. Let t(o) = o**2 - 8*o + 10. Let b be t(u). Let l(i) = -i + 4. Determine l(b).
10
Let d(z) be the third derivative of -z**6/120 - z**5/30 + z**4/4 + z**3/6 + z**2. Suppose -3*r + 5*r = 14. Let n = -11 + r. Determine d(n).
9
Let x(s) = 1. Let h(u) = u - 6. Let y(a) = h(a) + 6*x(a). Give y(-4).
-4
Let g(z) = -z**3 - 2*z**2 + 5*z + 3. Let h = 7 + -4. Suppose -5*r + 22 = -h, -3*r + 9 = 2*w. What is g(w)?
-3
Let x(w) = w**2 + 7. Suppose 10 = 4*s - 2*s. Suppose -10*i + s*i = 0. What is x(i)?
7
Let r(x) = -x**2 + 5*x - 1. Let q(t) = t**2 - t - 4. Let l be q(3). Suppose 0 = -2*j - j - d + 20, l*d = 4*j - 10. Calculate r(j).
-1
Let x(u) = 7*u**2 - 2*u. Let j be x(1). Let v(l) = -2*l - 1. Let w be v(-1). Let m(b) = -b + w - 2 + 2. Give m(j).
-4
Let i be (3/5)/((-1)/(-5)). Let y(w) = w**2 - 3*w + 3. Let c be y(i). Let m(v) = -v